ors of 514.
2, 257
What are the prime factors of 2758?
2, 7, 197
List the prime factors of 1271.
31, 41
What are the prime factors of 5259?
3, 1753
What are the prime factors of 4992?
2, 3, 13
List the prime factors of 13.
13
List the prime factors of 2729.
2729
List the prime factors of 149.
149
What are the prime factors of 3337?
47, 71
List the prime factors of 36095.
5, 7219
What are the prime factors of 657?
3, 73
What are the prime factors of 6657?
3, 7, 317
List the prime factors of 9729.
3, 23, 47
What are the prime factors of 13755?
3, 5, 7, 131
What are the prime factors of 26592?
2, 3, 277
What are the prime factors of 17945?
5, 37, 97
List the prime factors of 1520.
2, 5, 19
List the prime factors of 50549.
50549
List the prime factors of 3746.
2, 1873
List the prime factors of 147.
3, 7
List the prime factors of 49935.
3, 5, 3329
List the prime factors of 1082.
2, 541
What are the prime factors of 242?
2, 11
What are the prime factors of 13115?
5, 43, 61
What are the prime factors of 49752?
2, 3, 691
List the prime factors of 139019.
43, 53, 61
List the prime factors of 38171.
7, 19, 41
What are the prime factors of 3087?
3, 7
List the prime factors of 9327.
3, 3109
List the prime factors of 358.
2, 179
List the prime factors of 9636.
2, 3, 11, 73
List the prime factors of 34655.
5, 29, 239
List the prime factors of 63693.
3, 7, 337
List the prime factors of 8597.
8597
What are the prime factors of 7042?
2, 7, 503
List the prime factors of 14148.
2, 3, 131
What are the prime factors of 81630?
2, 3, 5, 907
What are the prime factors of 590?
2, 5, 59
List the prime factors of 7564.
2, 31, 61
What are the prime factors of 1113?
3, 7, 53
List the prime factors of 19153.
107, 179
What are the prime factors of 18208?
2, 569
What are the prime factors of 928?
2, 29
What are the prime factors of 9273?
3, 11, 281
What are the prime factors of 14507?
89, 163
What are the prime factors of 5064?
2, 3, 211
What are the prime factors of 4009?
19, 211
What are the prime factors of 3854?
2, 41, 47
What are the prime factors of 37394?
2, 7, 2671
What are the prime factors of 1134?
2, 3, 7
What are the prime factors of 13027?
7, 1861
What are the prime factors of 20263?
23, 881
List the prime factors of 1974.
2, 3, 7, 47
What are the prime factors of 236?
2, 59
List the prime factors of 6728.
2, 29
What are the prime factors of 3531?
3, 11, 107
What are the prime factors of 85142?
2, 42571
List the prime factors of 2277.
3, 11, 23
What are the prime factors of 873?
3, 97
List the prime factors of 1468.
2, 367
What are the prime factors of 30445?
5, 6089
What are the prime factors of 2612?
2, 653
List the prime factors of 7025.
5, 281
What are the prime factors of 44730?
2, 3, 5, 7, 71
What are the prime factors of 8974?
2, 7, 641
List the prime factors of 20699.
7, 2957
List the prime factors of 1409.
1409
What are the prime factors of 35138?
2, 17569
List the prime factors of 1522.
2, 761
What are the prime factors of 7266?
2, 3, 7, 173
List the prime factors of 5018.
2, 13, 193
List the prime factors of 1217.
1217
List the prime factors of 10331.
10331
What are the prime factors of 52823?
101, 523
What are the prime factors of 165?
3, 5, 11
What are the prime factors of 325?
5, 13
What are the prime factors of 8525?
5, 11, 31
List the prime factors of 9209.
9209
List the prime factors of 292.
2, 73
What are the prime factors of 517?
11, 47
List the prime factors of 23172.
2, 3, 1931
List the prime factors of 77388.
2, 3, 6449
What are the prime factors of 4534?
2, 2267
What are the prime factors of 4437?
3, 17, 29
List the prime factors of 29698.
2, 31, 479
What are the prime factors of 4720?
2, 5, 59
What are the prime factors of 1002?
2, 3, 167
List the prime factors of 556.
2, 139
List the prime factors of 37043.
17, 2179
What are the prime factors of 13632?
2, 3, 71
List the prime factors of 87227.
7, 17, 733
List the prime factors of 1041.
3, 347
List the prime factors of 2406.
2, 3, 401
List the prime factors of 78344.
2, 7, 1399
What are the prime factors of 1263?
3, 421
What are the prime factors of 267?
3, 89
List the prime factors of 32128.
2, 251
What are the prime factors of 2591?
2591
What are the prime factors of 495?
3, 5, 11
What are the prime factors of 45236?
2, 43, 263
List the prime factors of 6850.
2, 5, 137
What are the prime factors of 345?
3, 5, 23
What are the prime factors of 351?
3, 13
What are the prime factors of 18128?
2, 11, 103
What are the prime factors of 60823?
7, 8689
What are the prime factors of 38234?
2, 7, 2731
List the prime factors of 21966.
2, 3, 7, 523
What are the prime factors of 46126?
2, 23063
List the prime factors of 8908.
2, 17, 131
What are the prime factors of 1434?
2, 3, 239
List the prime factors of 28046.
2, 37, 379
What are the prime factors of 69755?
5, 7, 1993
What are the prime factors of 29341?
13, 37, 61
List the prime factors of 861.
3, 7, 41
List the prime factors of 22314.
2, 3, 3719
What are the prime factors of 6033?
3, 2011
What are the prime factors of 130746?
2, 3, 7, 11, 283
What are the prime factors of 18974?
2, 53, 179
What are the prime factors of 2730?
2, 3, 5, 7, 13
What are the prime factors of 3335?
5, 23, 29
What are the prime factors of 1089?
3, 11
List the prime factors of 896.
2, 7
What are the prime factors of 1940?
2, 5, 97
What are the prime factors of 6094?
2, 11, 277
What are the prime factors of 1152?
2, 3
What are the prime factors of 1992?
2, 3, 83
What are the prime factors of 72932?
2, 18233
What are the prime factors of 17676?
2, 3, 491
What are the prime factors of 78639?
3, 11, 2383
What are the prime factors of 54178?
2, 103, 263
List the prime factors of 45927.
3, 7
List the prime factors of 1276.
2, 11, 29
List the prime factors of 3783.
3, 13, 97
List the prime factors of 616.
2, 7, 11
List the prime factors of 11084.
2, 17, 163
What are the prime factors of 14559?
3, 23, 211
List the prime factors of 1504.
2, 47
List the prime factors of 13280.
2, 5, 83
List the prime factors of 1058.
2, 23
List the prime factors of 1177.
11, 107
List the prime factors of 4131.
3, 17
What are the prime factors of 1070?
2, 5, 107
What are the prime factors of 9136?
2, 571
What are the prime factors of 17251?
13, 1327
List the prime factors of 23171.
17, 29, 47
What are the prime factors of 31035?
3, 5, 2069
List the prime factors of 17528.
2, 7, 313
What are the prime factors of 6392?
2, 17, 47
List the prime factors of 26834.
2, 13417
What are the prime factors of 29936?
2, 1871
What are the prime factors of 2618?
2, 7, 11, 17
What are the prime factors of 3144?
2, 3, 131
What are the prime factors of 152812?
2, 11, 23, 151
List the prime factors of 1020.
2, 3, 5, 17
List the prime factors of 2847.
3, 13, 73
What are the prime factors of 13089?
3, 4363
What are the prime factors of 3919?
3919
What are the prime factors of 7573?
7573
What are the prime factors of 744?
2, 3, 31
What are the prime factors of 1181?
1181
List the prime factors of 12706.
2, 6353
What are the prime factors of 19949?
19949
List the prime factors of 1094.
2, 547
List the prime factors of 3841.
23, 167
List the prime factors of 25512.
2, 3, 1063
List the prime factors of 5073.
3, 19, 89
What are the prime factors of 10774?
2, 5387
List the prime factors of 2401.
7
What are the prime factors of 10922?
2, 43, 127
What are the prime factors of 2011?
2011
List the prime factors of 3066.
2, 3, 7, 73
List the prime factors of 97576.
2, 12197
What are the prime factors of 35908?
2, 47, 191
List the prime factors of 90566.
2, 7, 6469
What are the prime factors of 8197?
7, 1171
List the prime factors of 6313.
59, 107
List the prime factors of 19888.
2, 11, 113
List the prime factors of 456.
2, 3, 19
List the prime factors of 78711.
3, 26237
List the prime factors of 7224.
2, 3, 7, 43
List the prime factors of 8176.
2, 7, 73
List the prime factors of 5476.
2, 37
What are the prime factors of 179?
179
List the prime factors of 3800.
2, 5, 19
What are the prime factors of 836?
2, 11, 19
What are the prime factors of 30457?
7, 19, 229
What are the prime factors of 26900?
2, 5, 269
What are the prime factors of 847?
7, 11
What are the prime factors of 21435?
3, 5, 1429
What are the prime factors of 